 5
Let u(o) be the second derivative of -40*o**3/3 + 3*o**2/2 - 12*o. Let x be u(-1). Let v = x - 42. What are the prime factors of v?
41
Let i be 2 - (-12*(-4)/8 + 0). What are the prime factors of (i/(-6))/(4/(-453))*-2?
151
Suppose -32*s + 30*s + 36 = 0. List the prime factors of (s/4)/(6/48).
2, 3
Let m = 605 - 138. What are the prime factors of m?
467
Let t(a) = a**2 - 12*a + 31. What are the prime factors of t(-21)?
2, 181
Let u(h) = 108*h - 225. What are the prime factors of u(6)?
3, 47
Let x(d) = 5*d**2 + 18*d + 71. Let l be x(-11). Let t = 719 - l. What are the prime factors of t?
241
Let j(o) = -2*o**2 + o - 5. Let t be j(-3). Let w = -34 - t. What are the prime factors of w/(-40) + 498/10?
2, 5
Let m(h) be the first derivative of 4*h**2 - 17*h + 8. What are the prime factors of m(14)?
5, 19
Let f = 1394 - 923. List the prime factors of f.
3, 157
Let f = -18 - -21. Suppose g = -f*r - 10 - 15, -r = -4*g + 4. Let t = r - -38. List the prime factors of t.
2, 3, 5
Suppose -48*k + 67*k - 8303 = 0. List the prime factors of k.
19, 23
Let d be (-2)/(-1*(-3)/(-6)). Suppose 2*x + 2*u - 96 = 0, 0*x = x + d*u - 57. What are the prime factors of x?
3, 5
Let t(o) = -5*o**2 + 33*o + 16. Let d be t(7). Let c = 1 + 1. What are the prime factors of c + -3 - (d + -7)?
2
Suppose 2*g = 76 + 122. Let j = -77 + g. List the prime factors of j.
2, 11
Let i(y) = 7*y**2 - 21*y + 9. List the prime factors of i(-12).
3, 47
Let p be (-10)/35 + (-47)/7. Let l = -14 - p. Let u(i) = i**2 + 6*i + 8. What are the prime factors of u(l)?
3, 5
Let y = 1 + 2. Let g be (516/8)/(y/(-4)). What are the prime factors of 6/(-9) - g/3?
2, 7
Let k = 5 + -1. Suppose 61 = 5*b - 5*n + 3*n, -1 = b + k*n. Let c(y) = y + 1. List the prime factors of c(b).
2, 3
Let o(c) = -c**3 + 8*c**2 + 2*c - 2. Let t be o(6). Suppose 0 = 6*d - 4*d - t. List the prime factors of d.
41
Suppose -t - 4*t - 3*v = 0, -5*v = -3*t. Let n be (-2780)/75*-2 + 2/(-15). Suppose -3*i - x = -3*x - n, 4*i + 2*x - 122 = t. List the prime factors of i.
2, 7
Let r(b) = -3*b - 7. Let d be r(3). Let h = 29 + d. List the prime factors of h.
13
Suppose 3*a + 92 = -94. Let f = 22 - 54. Let i = f - a. What are the prime factors of i?
2, 3, 5
Suppose -5*o + k + 916 = 0, -2*o + 5*o = -2*k + 547. What are the prime factors of (-1)/((-4)/(-8)) + o?
181
Let i(h) = -92*h - 141. What are the prime factors of i(-11)?
13, 67
Suppose 0 = c - 4*y - 5293, y - 21232 = -4*c + 5*y. List the prime factors of c.
3, 7, 11, 23
Let a = -337 - -562. What are the prime factors of a?
3, 5
Let d be ((-2)/(-3))/((-3)/(-72)). Let c = -22 + d. What are the prime factors of 21*(-2)/18*c?
2, 7
Suppose 28 + 12 = -5*s - 5*r, -4*s - 5*r = 33. Let h(o) = o**3 + 6*o**2 - 3*o + 3. Let g be h(s). List the prime factors of g/2*(-2 + 0).
5
Let c = 5 - 3. Suppose 3*q - j = 12, q - 3*q - 5*j - 9 = 0. Suppose -2*u + 44 = 3*m, -3*u + c*m + 73 = q*m. What are the prime factors of u?
5
Suppose 11*d - 670 = 485. What are the prime factors of d?
3, 5, 7
Let r(q) = q + 17. Let n be r(9). Suppose n - 14 = 4*s. Suppose 6*l - l + 400 = 5*p, -s*p - l + 224 = 0. List the prime factors of p.
2, 19
Suppose -3*z = 4*f - 484 - 208, -2*z + 458 = f. Let w be z/(-14) + (-6)/(-21). Let n = w - -22. List the prime factors of n.
2, 3
Let v(w) = w**3 + w**2 + w + 13. Suppose 0 = 5*f - 5*a + 3*a, -2*f = 3*a. Let n be v(f). Let z = n - 7. List the prime factors of z.
2, 3
Let k(j) = 19*j + 4. Let l be (-2 + 0)*6/4 - -5. What are the prime factors of k(l)?
2, 3, 7
Suppose -a = -4*y - 1853, 2*a - 4*a + 3641 = 5*y. List the prime factors of a.
3, 13, 47
Suppose -4066 = 8*j + 6. Let r = -354 - j. List the prime factors of r.
5, 31
Suppose -133*h + 145*h - 33624 = 0. List the prime factors of h.
2, 3, 467
Let h(a) = -29*a - 1. Let o be h(-3). Suppose -4*n - 6 = -o. Suppose -n = -0*z - 4*z, f - 43 = -5*z. List the prime factors of f.
2, 3
Suppose 0 = -71*t + 71165 + 44849. List the prime factors of t.
2, 19, 43
Suppose 0*n = n - 5. Suppose -39 = -4*q - 5*w, n*q - 3*w = w + 59. Let r = -6 + q. What are the prime factors of r?
5
Let q(b) = -23*b - 43. What are the prime factors of q(-13)?
2
Suppose 19*a = 3*a + 32. Suppose -3*u + 4*f = -448, -a*u + f - 762 = -7*u. What are the prime factors of u?
2, 19
Suppose 4*p - 12 = 0, 4*q - 2*p = -4*p + 22. Suppose -q*f + 7 = -37. What are the prime factors of f?
11
Suppose 1006 = 3*f - 4*m - 1520, 0 = -2*f + m + 1679. List the prime factors of f.
2, 419
Suppose 531 + 216 = 9*u. Let o = 163 - u. List the prime factors of o.
2, 5
Let y = 8385 + -5769. List the prime factors of y.
2, 3, 109
Suppose -13 = z + 5*y, -3*y = 1 + 8. Suppose z*n = n. Suppose 5*i - 20 - 215 = n. List the prime factors of i.
47
What are the prime factors of ((-579)/(-12))/(6/120*5)?
193
Let o(n) = 2*n**3 + 14*n**2 - n + 12. Suppose 5*r = 4 - 34. What are the prime factors of o(r)?
2, 3, 5
Suppose -f = -9*f + 2448. Suppose 2*q + 2*o = f, q + 161 = 2*q + 5*o. List the prime factors of q.
151
Let r(b) = -b**3 + 4*b**2 - 2*b - 7. Let z be r(3). Let n = z + 20. What are the prime factors of n?
2
Let y be (-6)/4*(-40)/15. List the prime factors of -16*(0 - 7/y).
2, 7
Let h = -6 - -12. Suppose -2*i = i + 4*f - 1, -5*f + h = -i. Let j(c) = -16*c**3 - 2*c**2 - 2*c - 1. What are the prime factors of j(i)?
3, 5
Suppose 3*r = 3 + 6. Suppose r*q + 2 = -10. What are the prime factors of (58/q)/(6/(-12))?
29
Suppose i - 66 = -i. Suppose -b + i = -5*y - 0, -5*b + y = -285. What are the prime factors of b?
2, 29
Suppose -16 = -7*j + 3*j. Suppose 2*p + 1190 = 2*i, 4*i - j*p = -6*p + 2350. What are the prime factors of i/15 + 8/12?
2, 5
Let f be (-20)/(-3)*(-3)/(-2). Let q = f - 9. List the prime factors of (3*-5)/((-1)/q).
3, 5
Let j(m) = 33*m**2 + 294*m + 8. What are the prime factors of j(-17)?
4547
Suppose -9 = -3*k - 0*k. Suppose -x + 45 = -k*h, 3*h + 2*h = 15. List the prime factors of x.
2, 3
Let j = 11326 + -6911. What are the prime factors of j?
5, 883
Let y(w) = 71*w**2 + w - 1. Suppose 2*g - 6 = -4*c, -3*c = -c - 2*g. What are the prime factors of y(c)?
71
Let d(b) = 17*b**2 - b - 2. Let a be d(-2). Let j = a - 38. Suppose j = 2*y + 4*p, -2*p + 4*p = -3*y + 29. What are the prime factors of y?
7
Let d(i) = -i**3 + 12*i**2 + 8*i - 15. What are the prime factors of d(10)?
5, 53
Let f be 51/(-17) - (-4)/1. Suppose m + f = -5*t + 6*t, 0 = -m + 2*t - 2. Suppose m*b = 5*b - 320. What are the prime factors of b?
2
Suppose 0 = -2*l + r + 2*r + 18, -2*r = 8. Let j(q) = -q**2 + 18*q - 44. Let b be j(8). Suppose k = l*k - b. What are the prime factors of k?
2, 3
Suppose 0 = 4*k - 9*n + 7*n - 5430, -k + 1362 = n. What are the prime factors of k?
3, 151
What are the prime factors of (-16)/2 - 263620/(-140)?
3, 5
Let c = -191 + 3008. What are the prime factors of c?
3, 313
Let q(s) = -2*s + 12 - 2*s + 5*s - s**2. What are the prime factors of q(0)?
2, 3
What are the prime factors of 4/(-5) + (-15)/(450/(-384))?
2, 3
Suppose -3*b = -4*l - 6*b + 367, 3*l = -5*b + 278. Suppose -32 = m - l. List the prime factors of m.
59
Let m(y) be the third derivative of -y**6/120 - y**4/8 - y**3/2 - 18*y**2. Let q(r) = r**3 + r**2 + r - 3. Let a be q(0). What are the prime factors of m(a)?
3, 11
Let a(h) = 16*h**2 + 1. Let z(j) = -j + 1. Let b(k) = a(k) + 2*z(k). What are the prime factors of b(2)?
3, 7
Let h(b) = -5 + b + 10 + 11. Let o be h(-12). Suppose -g + 4 = 0, o*z + 2*g - 168 = -0*g. What are the prime factors of z?
2, 5
Let u = 17 + -17. Suppose -47*b + 48*b - 16 = u. List the prime factors of b.
2
Let b(w) be the second derivative of -w**5/20 + 3*w**4/4 - w**3 + 5*w**2 + 38*w. What are the prime factors of b(8)?
2, 13
Let v = 18 + -15. Suppose 2*o + v*o = 3*n + 338, 0 = o + 5*n - 62. List the prime factors of o.
67
Let d = -2197 + 4708. List the prime factors of d.
3, 31
Let k(g) = -19*g - 287. List the prime factors of k(-37).
2, 13
Let v be 0 - 0 - 3 - 313. List the prime factors of (v/(-6))/(46/69).
79
Let k(d) = -d**2 + d. Let m(n) = 5*n**2 - 10*n + 3. Let j(q) = 6*k(q) + m(q). List the prime factors of j(-3).
2, 3
Let c(p) = -p**3 - 15*p**2 - 14*p + 4. Let w be c(-14). Suppose -3*f - w*q + 405 = 0, 9*q = -3*f + 11*q + 387. What are the prime factors of f?
131
Let y(u) = u**2 + 4*u - 22. Suppose -20 = 4